-t + 6*t = 785. Let n = t + -108. Let f = n - 33. List the prime factors of f.
2
Let x(r) = r**3 + 20*r**2 - 24 - 21 + 18*r + 34. What are the prime factors of x(-19)?
2
Let l = -22 + 24. Let g be (l - (-32)/(-12))*-6. Let o = -1 + g. What are the prime factors of o?
3
Suppose -45 = 7*i - 12*i. List the prime factors of (-60)/i*(-27)/6.
2, 3, 5
Suppose 2*k = -3*c - 9, 4*c = 3*k + c - 24. Suppose 252 = 5*f + k*i, -4*f - 2*i + 208 = 2*i. Let q = f - 5. What are the prime factors of q?
43
Suppose 2*t = 3 + 7. Suppose -p - 2*p = -w + 35, -2*w - t*p = -59. Suppose -5*o + o + w = 0. List the prime factors of o.
2
Let p(j) = -5*j + 42. List the prime factors of p(4).
2, 11
Suppose 16 = h + 13. Suppose -2*w + 0*w - 6 = 0, -h*m - 5*w = -267. Suppose 3*s + 5*r - m = 0, -s + 0*s + 43 = 4*r. List the prime factors of s.
23
Suppose 1 + 3 = -2*y. What are the prime factors of (42/(-28))/(y/20)?
3, 5
Let h = 366 + -116. What are the prime factors of h?
2, 5
Let m be (-12)/4 + (-150)/(-2). Suppose -36 - m = -4*d. What are the prime factors of d?
3
Suppose 26*j = 2091 + 2251. What are the prime factors of j?
167
Let o(q) = 2*q**2 + 5*q - 5. Suppose -2*z - 14 = -9*z. What are the prime factors of o(z)?
13
Let v be 2*(0 + -1) - -4. Let i(l) = 3 - 3*l + v*l**2 - l**2 - 4*l**2 + 4*l**2. What are the prime factors of i(5)?
13
Suppose -2*m + t = -4*t + 9, 2*m - 21 = -5*t. Suppose 3*k - m*j = -2*j + 2, -2*k - 3 = -5*j. What are the prime factors of 71 + (3 - (k + 0))?
73
Suppose 5*w - 45 = -0*w. Let y(p) = p**3 - 6*p**2 - 21*p - 10. What are the prime factors of y(w)?
2, 11
Suppose -5*u - 25 = -5*r, -3*r + 5 + 0 = -5*u. Suppose 9*q - r*q + 138 = 0. What are the prime factors of q?
2, 3, 23
Suppose p - 4910 = -9*p. Let o = p + -346. List the prime factors of o.
5, 29
Let i(k) = -2*k**2 - 32*k + 94. List the prime factors of i(-16).
2, 47
Let g = -564 - -1263. List the prime factors of g.
3, 233
Let o(m) = 19*m - 4. Let w be -1 + (1 - (-2)/1). Let f be o(w). Let y = f - 15. List the prime factors of y.
19
Let c(x) = -5*x**3 + 4*x**2 + 9*x + 8. Let z(m) = -9*m**3 + 8*m**2 + 17*m + 16. Let s(v) = 11*c(v) - 6*z(v). List the prime factors of s(-5).
2
Suppose 0*r = -5*r + 20. Suppose r*q = -0*q - 20, -3*z = -q - 113. List the prime factors of z.
2, 3
Let a(h) = -h**3 + 2*h**3 - 6*h**2 + 4 + 2*h**2. Let z be a(4). What are the prime factors of (z/(-6))/((-14)/483)?
23
Suppose 8174 = -q + 5*q - 2*s, 5*q - 10240 = -2*s. List the prime factors of q.
2, 3, 11, 31
Let j = 785 - 492. Suppose -7*t + 540 = -j. What are the prime factors of t?
7, 17
Let x = -9 - -17. Suppose 3 - x = -u. Suppose 110 = -0*v + u*v. What are the prime factors of v?
2, 11
Suppose -t - 16 = -4*y, 3*t + 16 + 6 = -y. Let j = t - -28. What are the prime factors of j?
2, 5
Suppose -195*m + 199*m = 18828. What are the prime factors of m?
3, 523
Suppose -u - 10 = 4*u, 4*u = 5*g - 18. Suppose -g*b + 51 = -1. What are the prime factors of b?
2, 13
Let v = -6 - -8. Suppose -3*x + v*a = -a - 3, -4 = a. Let r = x - -5. List the prime factors of r.
2
Let j be 7/(-28) + 13/4. Suppose -j*u = 2*y - 6, -u - 15 = -3*y + 5. List the prime factors of y.
2, 3
Suppose 11*i = -21*i + 6560. What are the prime factors of i?
5, 41
Let p(j) = 254*j + j**3 + 9*j**2 - 126*j - 127*j + 13. What are the prime factors of p(-8)?
3, 23
Suppose 2*w + 5*y - 12 = -w, 4 = w - y. Let s(q) = 5*q**2 - 4*q. What are the prime factors of s(w)?
2
Let b(o) be the third derivative of 17*o**5/60 - 2*o**3/3 + 12*o**2. What are the prime factors of b(2)?
2
Suppose 2*h = -h + c - 20, 5*c + 5 = 0. Let b be 7/(-2)*(9 + h). Let s(g) = -g + 1. What are the prime factors of s(b)?
2
Let t(r) = -r**3 + 3*r**2 - 2*r - 1. Let u be t(3). Let z be (2/(-4))/(u/14). What are the prime factors of 52 + (1 - 4/z)?
7
Let a(z) = 5*z + 1. Suppose -2*h = h - 3. Let v be a(h). Suppose r - 5*m = v*r - 85, -10 = -5*m. What are the prime factors of r?
3, 5
Suppose -2*w - 2*x - 2*x + 4 = 0, 5 = -4*w + 5*x. Suppose w = -r + 3*c + c + 54, 3*c + 153 = 3*r. List the prime factors of r.
2, 5
Let u be ((-117)/(-2))/9*2. Suppose -u*t + 9*t = -140. What are the prime factors of t?
5, 7
Suppose 0 = -2*r - 5*s + 3744, -5*r + 22*s - 17*s + 9360 = 0. Suppose -12*u = -6*u - r. List the prime factors of u.
2, 3, 13
Let z(n) = -214*n**3 - 7*n**2 - 5*n - 3. What are the prime factors of z(-2)?
19, 89
List the prime factors of (-4)/(-8) + 2365/10.
3, 79
Let q = -9249 + 13362. What are the prime factors of q?
3, 457
Let s(i) = 2141*i**2 + 8*i - 8. What are the prime factors of s(1)?
2141
Let b(o) = -2*o**3 + 57*o**2 - 8*o - 110. What are the prime factors of b(25)?
3, 5, 271
Let f(r) = r**2 + 12*r + 4. Let h = -16 + 11. Let q be f(h). Let t = 45 + q. What are the prime factors of t?
2, 7
Let b(u) = -3*u**3 + 22*u**2 + 2*u - 6. What are the prime factors of b(5)?
179
Let u(j) = j**3 - 8*j**2 - j + 10. Let z = -95 + 104. What are the prime factors of u(z)?
2, 41
Suppose 2*n + m - 9 = 0, 11 = -3*n + 5*m - 8. Suppose -4*x + 332 = 4*k, -n*k = 3*x - 197 - 56. Let f = -55 + x. What are the prime factors of f?
2
Let z be (2 - 2)/(-1 + 0). Let c(t) = -5*t - 5 - 5*t + z*t + 4. List the prime factors of c(-1).
3
Let a(b) = 2*b + 41 + 0*b - 15. Suppose 6*m + 7*m = 6*m. List the prime factors of a(m).
2, 13
Let b(v) = -2*v**2 + 75*v - 25. What are the prime factors of b(34)?
3, 71
Let s(j) = j**2 + 3*j - 4. Let w be 44/(-6) + 2/12*2. List the prime factors of s(w).
2, 3
Suppose 3*h - 3350 = -2*f, 5*f = -3*h + 7255 + 1129. List the prime factors of f.
2, 839
Let o be (-12)/(-7) + (-2)/(-7). Let c(q) = 3*q**2 - 21*q + 16. Let y(i) = -i**2 + 10*i - 8. Let u(x) = o*c(x) + 5*y(x). List the prime factors of u(-10).
2, 3
Let f(r) = 4*r + 9 - 12 - 13. Let m be f(6). Suppose -3*h - 3*q + 2 = 2*q, 0 = -4*q - m. What are the prime factors of h?
2
Let s be 2/10 - (-396)/20. Suppose -4*o - s = 0, 18 - 190 = -2*g + 4*o. What are the prime factors of g?
2, 19
Let g(k) = -305*k - 73. What are the prime factors of g(-6)?
7, 251
Let x be (-248)/32 - 3/(-4). Let l = -7 - x. Suppose d + 5 + 0 = l, -d = 4*u - 103. List the prime factors of u.
3
Let z(w) = -w + 1. Let u be z(-2). Suppose 0 = 3*c, -6*c + u*c + 54 = -s. List the prime factors of (s/(-4))/((-4)/(-8)).
3
What are the prime factors of (-1 - 2 - -223) + (3 - 1)?
2, 3, 37
Let v(n) = -58*n + 3. List the prime factors of v(-14).
5, 163
Let s = 59 - 39. Suppose 5*o = 5 + s. Suppose 2*r - 161 = -2*r + o*j, -2*r + 73 = 5*j. What are the prime factors of r?
3, 13
Let f(n) = -n - 5. Let w be f(-8). Suppose -208 - 312 = -w*d + 4*q, -164 = -d - q. Suppose -5*b + 155 = x, 3*x + 63 - d = -3*b. List the prime factors of b.
2, 3, 5
Let m be 4/(24/30) - -196. Let f = -110 + m. List the prime factors of f.
7, 13
Suppose 6 = -3*x + 2*x. Let m(k) = -5*k - 14. Let r(l) = 11*l + 27. Let u(v) = x*r(v) - 13*m(v). List the prime factors of u(12).
2
Let n be 2/(-8) + (-63)/(-28). Suppose -3*q - 5*z + 22 = -4*q, -n*q - 9 = -3*z. Suppose -64 = -q*i + i. What are the prime factors of i?
2
Suppose -5*c - v = -1887, -19*c = -21*c + 4*v + 746. List the prime factors of c.
13, 29
Let p(i) be the first derivative of -7*i**2/2 + 6*i + 1. Let m be p(7). Let l = -26 - m. What are the prime factors of l?
17
Let s = -5 + 7. Suppose 4*g = -0*g - 2*u + 16, 0 = s*g + 3*u - 12. List the prime factors of 78/2*g/9.
13
Let c(o) = 254*o**2 - 11*o + 19. List the prime factors of c(2).
1013
Suppose -18*z = -9*z - 3168. What are the prime factors of z?
2, 11
Suppose 2231 = 3*y - b - 3721, 0 = 2*y - 2*b - 3964. What are the prime factors of y?
5, 397
Let u(c) = 3*c**3 + 3*c**2 - 9*c + 9. List the prime factors of u(5).
2, 3, 23
Suppose -2*o = 2*o - 8. Suppose o*h = 4 + 20. Suppose -7*p + 5*p + h = 0. What are the prime factors of p?
2, 3
Let u(z) = -4*z**3 + z**2 + 3*z + 3. Let h be 5/15 + (-2)/6. Suppose -5*t + 5*i - 30 = -5, h = t + 4*i - 10. What are the prime factors of u(t)?
3, 11
Let c(x) = -3*x - 2 + 2 + 8*x**2 + 1 - 3. List the prime factors of c(-5).
3, 71
Let y be (-2*2/(-8))/((-2)/(-628)). Let m = y - 111. What are the prime factors of m?
2, 23
Let i(q) = 60 + 3*q - 2*q - 45. Let z be i(-9). Let v = z + -3. List the prime factors of v.
3
Suppose 6*l - 1265 = 997. List the prime factors of l.
13, 29
Let 